uppose -32 - 5 = -m + 4*d, 2*d + 56 = 2*m. What is the remainder when m is divided by r?
12
Suppose 9 = -4*j + 101. What is the remainder when j is divided by 12?
11
Suppose 748 = -4*u + 15*u. Calculate the remainder when u is divided by 37.
31
Let v = -218 + 247. Calculate the remainder when v is divided by 24.
5
Suppose -5*m = -3*m + 94. Let a be m/(-3) - 7/(-21). Suppose -20 - a = -2*c. Calculate the remainder when 35 is divided by c.
17
Suppose 0 = -4*m + l - 29, 0*m = -4*m - 5*l - 23. Let x(z) = -9*z - 21. What is the remainder when 165 is divided by x(m)?
39
What is the remainder when ((-3257 - 3)/10)/(-1) is divided by 48?
38
Let o = 700 + -670. What is the remainder when 82 is divided by o?
22
Let f = 1323 + -1236. Calculate the remainder when 509 is divided by f.
74
Let g be 2/10 + (-19)/(-5). Let a be -2 + g + (-8 - -6). Let v = a + 10. What is the remainder when 18 is divided by v?
8
Let w = -397 - -496. Calculate the remainder when w is divided by 8.
3
Suppose 4*l = 12 - 0. Suppose v = l + 3. Let q = -1 + 5. What is the remainder when v is divided by q?
2
Suppose 0 = -5*o + 22 - 2. Let g(j) = 4*j**2 - 13*j - 3. Let i be g(4). Suppose i = s + 6. Calculate the remainder when o is divided by s.
1
Suppose 0 = -17*h - 8 + 127. What is the remainder when 237 is divided by h?
6
Let a = -17 + 38. What is the remainder when a is divided by 1180/150 + 64/30 + -2?
5
Suppose -2*s + 0*s = -30. Let f = 8 - 6. Let j(l) = 5*l**3 + l. What is the remainder when j(f) is divided by s?
12
Let q = 145 - 126. What is the remainder when 36 is divided by q?
17
Let d(g) = -70*g + 321. What is the remainder when 202 is divided by d(4)?
38
Suppose -5*i + 6 + 14 = 0. Let s(f) = -f**2 + 6*f - 3. Let h be s(i). Suppose 110 = h*u + 25. Calculate the remainder when 32 is divided by u.
15
Let m = 280 - 227. Calculate the remainder when 793 is divided by m.
51
Let v(p) = -2*p - 12. Let o be v(-8). Suppose 5*b + n = 66, -2*n + 37 = 3*b - o*n. Suppose -w + 18 + 46 = 0. Calculate the remainder when w is divided by b.
12
Suppose 0 = 3*a - 14 - 64. Suppose -4*o + a = -2*o + r, 0 = o - 3*r - 6. Let v = 6 + o. Calculate the remainder when v is divided by 3.
0
Let u(w) = w**3 + 5*w**2 - 3*w + 1. Let r(c) = c - 7*c + 3*c**2 + 13*c - 4*c**2 + 2. What is the remainder when u(-4) is divided by r(6)?
5
Let g be 43/(2 + (-9)/4). Let l = -97 - g. Calculate the remainder when l is divided by 39.
36
Let j(g) be the first derivative of -5*g**2 + 1/3*g**3 - 8 + 15*g. Calculate the remainder when j(12) is divided by 8.
7
Let j(f) = -f**2 - 8*f + 1. Let b be j(-8). Let h(o) = 18 + o - 18 + 24*o**2. What is the remainder when 48 is divided by h(b)?
23
Let c(o) = -7*o. Suppose -33*m + 1317 = -861. Calculate the remainder when m is divided by c(-2).
10
Suppose -4044 + 27 = -39*w. Calculate the remainder when w is divided by (5/1)/(1/3).
13
Suppose -s + 122 = -20*o + 25*o, -4*o = -4*s + 560. What is the remainder when s is divided by 21?
11
Let z(x) = x**2 + 4. Let q(k) = -k**2 + 2*k. Let w be q(0). Suppose 3*d + 2 = 5, -4*m - 4*d + 32 = w. What is the remainder when z(-3) is divided by m?
6
Let q = -124 - -121. Let m(g) = 4*g + 5*g**2 - 2*g**2 + 4 - g**2. What is the remainder when 36 is divided by m(q)?
6
Let q(h) = 21*h - 1. Let g = 82 - -163. Suppose 3*u + 4*c - g = 0, -u - 8*c = -9*c - 77. Calculate the remainder when u is divided by q(1).
19
Suppose 0 = -b + 4*j + 47, -5*b + 277 = 3*j - 2*j. Suppose 5 = 2*u + 5*a, 4*u - b = -0*a - a. What is the remainder when 103 is divided by u?
13
Let b = -30 - -42. Calculate the remainder when 143 is divided by b.
11
Let y = -327 + 362. What is the remainder when y is divided by 10?
5
Calculate the remainder when (-62)/(-837) - (-2806)/27 is divided by 37.
30
Let r = 223 + -173. Suppose 3*u + 6 = 0, -39 - 3 = -2*g + 3*u. Calculate the remainder when r is divided by g.
14
Suppose 4*g + 2*c + 6 = 0, 0 = -g - 4*c + 1 + 15. Calculate the remainder when (3 - (-3 + 4))/(g/(-68)) is divided by 9.
7
Let k be (4 - 0) + (-15)/5. Let h = 1 + k. Suppose -c = -3, j - 3*c - 14 = h. Calculate the remainder when j is divided by 14.
11
Let x(z) = 35*z + 443. What is the remainder when 411 is divided by x(-12)?
20
Let a = -8 + 11. Suppose -a*r - 52 = 2. What is the remainder when 40 is divided by (-6)/r - (-41)/3?
12
Let r(b) = -b**3 + 18*b**2 + 2*b - 22. Let j be r(18). Let f be (-40)/(-18) - (-4)/(-18). What is the remainder when 19 is divided by 1*j*f/4?
5
Let k be ((-1684)/(-7))/(((-16)/7)/(-8)). Suppose 7*n - k - 54 = 0. What is the remainder when n is divided by 13?
11
Suppose 57*d - 231 = 1251. What is the remainder when 360 is divided by d?
22
Let o = 192 - 0. Calculate the remainder when o is divided by 45.
12
Let y = 35 + -31. Suppose -b = 0, -y*u + b = -u - 51. Let c(m) = m**2 + 2*m + 2. Calculate the remainder when c(-8) is divided by u.
16
Suppose 0 = 5*m + 2*z - 68, 76*m = 74*m - 3*z + 36. Calculate the remainder when 153 is divided by m.
9
Suppose -5*d - 2*n = -0*n - 7, -5*d = -5*n - 35. Suppose 0 = -s + d*s - 16. What is the remainder when s is divided by 5?
3
Let m = 2 + -2. Let g(v) be the second derivative of v**3/3 + 21*v**2/2 - 5*v - 1. Calculate the remainder when 62 is divided by g(m).
20
Suppose -4*y = 4*w - 6*y - 1816, 0 = w + 3*y - 440. Calculate the remainder when w is divided by 35.
32
Suppose 637 - 219 = 22*m. Suppose -2*k + 4*k = 6. Suppose -22 - 146 = -k*z. Calculate the remainder when z is divided by m.
18
Let j = 647 - 433. Calculate the remainder when j is divided by 70.
4
Let q(y) = 15*y + 3. What is the remainder when 93 is divided by q(0)?
0
Let x(s) = -2*s**2 - 21 + s**3 - 9*s**2 + 18*s + 24. Calculate the remainder when x(9) is divided by 3.
0
Let p(o) = -o**3 + 3*o**2 + o - 2. Let v = -2 - -15. Calculate the remainder when v is divided by p(2).
1
Suppose 336 = 2*k + 250. What is the remainder when 123 is divided by k?
37
Let z = 242 - 225. Calculate the remainder when 268 is divided by z.
13
Let z(f) = -f**2 + 8*f - 7. Let s = 157 + -149. Calculate the remainder when s is divided by z(6).
3
Suppose 3*y - 407 + 356 = 0. Calculate the remainder when 56 is divided by y.
5
Let u be (-2)/7 + (-60)/(-14). Suppose 2*w - 10 = -5*y, 4*w + 21 + 15 = u*y. Suppose 0*z + 14 = 2*z. Calculate the remainder when z is divided by y.
3
Suppose 87 = -5*n - 68. Let m = n + 36. Calculate the remainder when m is divided by 4.
1
Let q be (0 - -1)/((-2)/(-126)). Let c = 75 - q. Calculate the remainder when 31 is divided by c.
7
Suppose 146*q = 152*q - 1812. What is the remainder when q is divided by 16?
14
Let w(f) be the third derivative of -f**6/120 + f**5/20 + f**4/8 + 17*f**2. What is the remainder when 31 is divided by w(3)?
4
Let a(q) = 3*q**2 + 186. Let n be a(0). Suppose -u - 2*u - 4*x = -n, -2*u - x = -119. What is the remainder when u is divided by 12?
10
Suppose -5*o + 33 = -17. What is the remainder when 108 is divided by o?
8
Let t = -52 - -151. Let b = t - 58. Calculate the remainder when 163 is divided by b.
40
Suppose -j + 4 = -0*j. Suppose -2*n - 8*n = -300. Suppose 128 = 4*d + 2*u, -d + 3*u + n = j*u. What is the remainder when d is divided by 12?
10
What is the remainder when ((-24)/18)/(-1) + 2204/12 is divided by 52?
29
Let k(g) = 35*g**3 - 3*g**2 + 1. Calculate the remainder when k(1) is divided by 21.
12
Let l = 15 + -13. Let d = -131 - -132. Calculate the remainder when l is divided by d.
0
Let k(b) = -b**2 + 28*b + 191. Calculate the remainder when 488 is divided by k(31).
96
Let i(g) = 3*g**3 - 11*g**2 + 3*g - 5. Calculate the remainder when i(4) is divided by 8.
7
Suppose -f - 7 + 96 = p, 3*p = -4*f + 262. What is the remainder when p is divided by 16?
14
Suppose -9 = 3*x, -2*d - 4*x = -7*d + 97. Suppose 20 = 4*z + 4*a, -4*a = 5 - d. What is the remainder when 5 is divided by z?
1
Let p = -1 - -1. Suppose 6 = 2*v - p. Let i = 46 + -39. Calculate the remainder when i is divided by v.
1
Let g = 146 + -143. Suppose 0 = g*t - 147 - 42. Let y(x) = x**2 + 2*x + 1. Calculate the remainder when t is divided by y(-5).
15
Suppose -3*h = -h - 40. Let o(n) = n**3 + 6*n**2 + 2. Let j be o(-6). Calculate the remainder when 2/j*-3*(-79)/3 is divided by h.
19
Let t(r) = -r**3 + 8*r**2 - r - 2. Let j be t(7). Let o = -14 + j. Calculat